ghest common divisor of 81 and j?
9
Let w = 6 - -21. What is the highest common factor of 27 and w?
27
Let w(d) = -d + 75. Let t be w(0). Calculate the highest common divisor of t and 25.
25
Let l be (4/2)/(8/12). Suppose 0 = -l*h + 2*a + 150 + 98, -2*h + 5*a + 158 = 0. Calculate the greatest common factor of h and 21.
21
Suppose 6 + 12 = 3*w. What is the greatest common factor of 6 and w?
6
Suppose -2*k + k = -1. Let n = k + 4. What is the highest common factor of n and 35?
5
Suppose 2*r + 1066 = 4*m, 3*m + 0*m - 2*r = 801. Calculate the greatest common factor of 106 and m.
53
Let q be 3 + -3 + 1 + 2. Suppose -q*v - 4*c = -84, 3*v - c - 61 = 8. Suppose 31 = 3*w - 77. What is the highest common divisor of w and v?
12
Let c(o) = 2*o - 9. Let g be c(6). Let u(t) = -2*t + 3*t + 1 + g*t. Let s be u(2). What is the greatest common divisor of 18 and s?
9
Let b = 1 + 6. Suppose 5*c - 4 = 21. Suppose -s + 5*k = s - 36, 120 = 5*s - c*k. Calculate the greatest common divisor of b and s.
7
Suppose -q + 0*q - 20 = 0. Let u = q - -34. Calculate the highest common divisor of 98 and u.
14
Let w be -2 + 6 + 0/(-2). Let q be (-1 - (-6)/w)*110. Calculate the highest common divisor of 11 and q.
11
Suppose -4*a + 8*a + 16 = 0. Let b(r) = r**2 - 5*r - 3. Let g be b(a). Calculate the greatest common factor of 3 and g.
3
Let t(g) = -g**3 + 9*g**2 + 3*g - 12. Let m be t(9). What is the highest common divisor of 5 and m?
5
Suppose -3*z = 5*r - 817 + 45, 2*z = 2*r + 536. Calculate the highest common factor of 24 and z.
24
Let y = 275 - 133. Let n = 237 - y. What is the greatest common divisor of n and 38?
19
Let m be (70*(-4 - -3))/(-2). Suppose 3*q = m + 4. What is the highest common divisor of q and 39?
13
Let d = -7 - -5. Let w be 24/18*(-27)/d. Let z(h) = -h**3 + 4*h**2 + 5*h + 3. Let q be z(5). Calculate the greatest common factor of q and w.
3
Suppose 170 = -3*z + 8*z. Let t = -21 + z. Suppose 4*j = 23 + t. What is the greatest common factor of j and 27?
9
Let a be (0 - 61/(-2)) + (-42)/(-84). What is the highest common factor of 217 and a?
31
Let b(t) = 0 + t + 1 + 5. Let z be b(-6). Let p(q) = -q**2 - q + 9. Let k be p(z). Calculate the greatest common factor of k and 36.
9
Let p(c) = c**3 + 13*c**2 - 15*c + 5. Let l be p(-14). Calculate the greatest common divisor of 38 and l.
19
Let p(i) = 13*i**2 + 2*i + 1. Suppose -4*b + 8 = -0. Suppose -2 - 2 = b*t. Let d be p(t). What is the highest common divisor of 7 and d?
7
Suppose 0 = 4*x - 4*o - 136, 3*o - 4*o + 158 = 5*x. Suppose -x + 5 = -r. Calculate the highest common divisor of r and 243.
27
Suppose q - 38 = -q. What is the greatest common divisor of q and 57?
19
Suppose -5*h + 0*h = -5. Let u(q) = 15*q - 1. Let n be u(h). What is the greatest common divisor of n and 56?
14
Suppose n - 10 = 4. Calculate the greatest common factor of n and 7.
7
Let h = -13 - -52. What is the greatest common divisor of h and 195?
39
Let p(s) = 7*s**2 + 3*s + 5. Let u be p(-4). What is the greatest common divisor of u and 15?
15
Let n(k) = 2*k**2 + 14*k + 20. Let r be n(-8). Calculate the highest common factor of 288 and r.
36
Suppose -3*c + 247 = 58. Let s(p) = -p + 7. Let w be s(0). Let z(y) = -y**3 + 6*y**2 + 8*y + 2. Let f be z(w). What is the greatest common divisor of f and c?
9
Let n(z) = -6*z - 1. Let f be n(-1). Suppose -3*h = -9, -h = -f*g - 4*h + 39. Let t = 8 - 2. Calculate the greatest common factor of g and t.
6
Suppose -3*f - 2*f + 2*q + 106 = 0, 15 = -5*q. Let g = f + -14. Calculate the highest common factor of g and 4.
2
Suppose 0 = 5*i - 3*i - 50. Calculate the greatest common divisor of i and 10.
5
Suppose -5*f + 252 - 87 = 5*p, 3*f - 98 = -2*p. Calculate the highest common divisor of f and 352.
32
Suppose 0 = 5*v + 5*b - 60, 0*v - 2*v + 8 = -2*b. Suppose 4*h + 8 = v*h. Let k be 2 + (0 - h) + 60. Calculate the highest common divisor of k and 12.
12
Let k(w) = w + 6. Let i be k(0). Suppose i = u + 2*u. Calculate the greatest common divisor of 22 and u.
2
Let i = 7 + -4. Suppose 2*s = 7 - i. Let c = -1 + 2. Calculate the highest common factor of s and c.
1
Suppose 3 = -4*d + 11. Suppose -d*k + 0*k = 0. Suppose 0*f - 5*f + 40 = k. What is the highest common divisor of 88 and f?
8
Let w(c) = c - 20. Let m(h) = -2*h + 39. Let g(o) = 6*m(o) + 11*w(o). Let y be g(-16). Calculate the greatest common factor of 45 and y.
15
Let k be (-4)/(12/9) - -58. Calculate the greatest common factor of 22 and k.
11
Let b = 60 - 28. Calculate the greatest common divisor of 128 and b.
32
Suppose -3*q + 81 = -18. Let f(d) = d**2 - 5*d + 3. Let y be f(5). Calculate the greatest common divisor of y and q.
3
Let l be (17 + -1)/(0 + 2). Suppose -3*f + 79 = -2*f. Suppose -2*n - 5*i + f = 0, 2*n + i = 6*i + 49. What is the greatest common divisor of n and l?
8
Let a(n) = 0*n + 2*n - 3*n. Let o be (-1)/3 - 16/6. Let d be a(o). Calculate the greatest common factor of d and 15.
3
Let k = 16 + -11. Suppose 0*s = -k*s + 85. Let a be -1*(-558)/3 + 13 + -12. What is the greatest common divisor of a and s?
17
Suppose -4*d - a + 187 = 0, 7*a = -d + 2*a + 23. What is the greatest common factor of 6 and d?
6
Let z(j) = 31*j + 12. Let x be z(3). Calculate the highest common divisor of 70 and x.
35
Let a be 61 - (-9)/3*1. Suppose -3*r = -5*r + a. What is the highest common factor of 8 and r?
8
Let x = 12 - 5. Suppose 1 = -3*z + x. Calculate the highest common divisor of z and 10.
2
Let q = -5 - -8. Let z = -1 + q. Suppose d - 72 = z*v, 5*d + 0*d = 5*v + 355. Calculate the greatest common divisor of d and 14.
14
Let n be (-13 - -1)/(0 - 3/14). Let i be 3*(-5)/((-15)/8). What is the greatest common factor of n and i?
8
Suppose -7 = -5*m + 33. Suppose 0 = -5*p - 4*x + 21 - 92, -63 = 5*p + 2*x. Let b = p + 19. What is the highest common divisor of b and m?
8
Suppose 2*q - 4 = -0*q. What is the greatest common divisor of q and 10?
2
Let i be 3/(-3) + (-2)/2. Let l be (-2)/(-4) - 119/i. Let t be (-12)/9*(1 - 31). What is the greatest common divisor of t and l?
20
Let p be 1*-10*(1 + -5). Suppose -8*g - 8 = -9*g. Calculate the highest common divisor of p and g.
8
Let c be (-4)/12 - 2/(-6). Suppose k + y - 28 = c, 3*k - 3*y - 28 = 2*k. Suppose 0*x - 35 = -5*x. Calculate the greatest common divisor of k and x.
7
Suppose -4*r + 24 = -4*s, -3*s - 17 = -5. Suppose 21*j = 24*j - 12. Calculate the greatest common factor of j and r.
2
Let s = 8 + -8. Suppose 0 = -m - 3*m, -h - m + 44 = s. What is the greatest common divisor of 110 and h?
22
Suppose a + 105 = 5*w, -w + 3*a = -2*a + 3. Calculate the greatest common factor of 11 and w.
11
Let b = 19 + -5. Let s = b - 21. Let f = s + 14. What is the greatest common factor of f and 14?
7
Let k be 4/12*3*2. Let u be 1/3*(10 + k). What is the highest common factor of u and 8?
4
Suppose 0 = 5*i - 83 - 32. Calculate the greatest common factor of 92 and i.
23
Let i(y) = 3*y**3 + 4*y**2 - 6*y + 3. Let h be i(3). Calculate the greatest common divisor of 6 and h.
6
Let x(i) = 2*i + 36. Let j be x(0). Calculate the highest common divisor of j and 90.
18
Let a(s) = 6*s**2 + s. Let b be a(-1). Suppose 112 = 5*u + 4*m, b*u - 43 = 5*m + 87. Calculate the greatest common factor of 24 and u.
24
Suppose -53 = 3*r - 6*r + 2*b, 0 = 2*r - b - 34. Let j be -2 - -3 - 1*-2. What is the highest common divisor of r and j?
3
Let l be -21 + -3 + (-3)/(-3). Let y = l - -34. Suppose -3*t = -5*w + y, w - 2*t + 10 = 2*w. Calculate the highest common divisor of w and 36.
4
Suppose 3*n - 2 = -32. Let h be ((-3)/2)/(5/n). Let j(a) = 6*a - 1. Let y be j(h). What is the highest common factor of 17 and y?
17
Suppose -4*z = u - 462, 4*z + 5*u - 468 = u. Let s(o) = o**3 - 7*o**2 - 7*o - 6. Let p be s(7). Let b = p + z. What is the highest common factor of b and 6?
6
Suppose -16 = 4*t, 0 = 3*z - 3*t - t - 64. Calculate the highest common factor of z and 12.
4
Suppose -2*q + q = 31. Let a = -22 - q. Let d be (1 + (-15)/a)*-24. What is the highest common divisor of d and 2?
2
Let b(a) = a + 7. Let z be b(5). Suppose 0 = -4*l - 16, x = -2*x - 2*l + 1. Suppose x*n - 7*n = -336. What is the greatest common divisor of z and n?
12
Suppose 10*s = 209 + 91. What is the highest common factor of s and 12?
6
Let s = -59 + 134. Calculate the greatest common factor of 30 